{"id":64,"date":"2018-12-14T16:13:05","date_gmt":"2018-12-14T15:13:05","guid":{"rendered":"http:\/\/www.museominerario.it\/2018\/?page_id=64"},"modified":"2025-02-11T16:00:31","modified_gmt":"2025-02-11T15:00:31","slug":"contatti","status":"publish","type":"page","link":"https:\/\/www.museominerario.it\/2018\/contatti\/","title":{"rendered":"Contatti"},"content":{"rendered":"<div class=\"wpb-content-wrapper\"><p>[vc_row full_width=&#8221;stretch_row&#8221; bg_type=&#8221;bg_color&#8221; seperator_enable=&#8221;seperator_enable_value&#8221; seperator_type=&#8221;tilt_left_seperator&#8221; seperator_position=&#8221;bottom_seperator&#8221; seperator_shape_background=&#8221;#912224&#8243; bg_color_value=&#8221;#ffffff&#8221; css=&#8221;.vc_custom_1545060940845{padding-bottom: 30px !important;}&#8221;][vc_column]<div id=\"ultimate-heading-8656a07a347d4847\" class=\"uvc-heading ult-adjust-bottom-margin ultimate-heading-8656a07a347d4847 uvc-7366 \" data-hspacer=\"no_spacer\"  data-halign=\"left\" style=\"text-align:left\"><div class=\"uvc-heading-spacer no_spacer\" style=\"top\"><\/div><div class=\"uvc-main-heading ult-responsive\"  data-ultimate-target='.uvc-heading.ultimate-heading-8656a07a347d4847 div'  data-responsive-json-new='{\"font-size\":\"desktop:40px;\",\"line-height\":\"desktop:45px;\"}' ><div style=\"font-family:&#039;Montserrat&#039;;font-weight:200;color:#000000;margin-bottom:0px;\">CONTATTI<\/div><\/div><\/div>[\/vc_column][\/vc_row][vc_row full_width=&#8221;stretch_row&#8221; bg_type=&#8221;bg_color&#8221; seperator_enable=&#8221;seperator_enable_value&#8221; seperator_type=&#8221;tilt_left_seperator&#8221; seperator_shape_background=&#8221;#912224&#8243; bg_color_value=&#8221;#ffffff&#8221;][vc_column][vc_empty_space][\/vc_column][\/vc_row][vc_row][vc_column width=&#8221;1\/2&#8243;][vc_single_image image=&#8221;14&#8243; img_size=&#8221;full&#8221; alignment=&#8221;center&#8221;]<div class=\"smile_icon_list_wrap ult_info_list_container ult-adjust-bottom-margin  \"><ul class=\"smile_icon_list left hexagon\"><li class=\"icon_list_item\" style=\" font-size:54px;\"><div class=\"icon_list_icon\" data-animation=\"\" data-animation-delay=\"03\" style=\"font-size:18px;background:#912224;color:#ffffff;border-color:#912224;\"><i class=\"fas fa-home\" ><\/i><\/div><div class=\"icon_description\" id=\"Info-list-wrap-1821\" style=\"font-size:18px;\"><div class=\"icon_description_text ult-responsive\"  data-ultimate-target='#Info-list-wrap-1821 .icon_description_text'  data-responsive-json-new='{\"font-size\":\"desktop:13px;\",\"line-height\":\"desktop:18px;\"}'  style=\"\"><p>Via Suor Gemma, 1<br \/>\nAbbadia San Salvatore<br \/>\n53021, Siena<\/p>\n<\/div><\/div><div class=\"icon_list_connector\" data-animation=\"fadeInUp\" data-animation-delay=\"03\" style=\"border-right-width: 1px;border-right-style: solid;border-color: #912224;\"><\/div><\/li><\/ul><\/div><div class=\"standard-arrow list-divider bullet-top\"><ul>\n<li><b>Tel.:<\/b>\u00a0<a href=\"tel:+390577778324\">+39 0577 778324<\/a> &#8211; <b>Fax:<\/b>\u00a0+39 0577 775221<\/li>\n<li><b>WhatsApp<\/b>: <a href=\"https:\/\/wa.me\/+393515949387\">+39 351 5949387<\/a><\/li>\n<li><b>e-mail<\/b>: <a href=\"mailto:info@terreditoscana.net\">info@terreditoscana.net<\/a> &#8211; <a href=\"mailto:info@museominerario.it\">info@museominerario.it<\/a><\/li>\n<li><b>Sito web<\/b>: <a href=\"https:\/\/www.terreditoscana.net\" target=\"_blank\" rel=\"noopener noreferrer\">www.terreditoscana.net<\/a> &#8211; <a href=\"https:\/\/www.museominerario.it\">www.museominerario.it<\/a><\/li>\n<li><b>Facebook<\/b>: <a href=\"https:\/\/www.facebook.com\/parcomuseominerarioabbadia\/\" target=\"_blank\" rel=\"noopener noreferrer\">Parco Museo Minerario<\/a><\/li>\n<li><b>Instagram<\/b>: <a href=\"https:\/\/www.instagram.com\/museo_minerario_abbadia\/\" target=\"_blank\" rel=\"noopener noreferrer\">Parco Museo Minerario<\/a><\/li>\n<li><b>X(Twitter)<\/b>: <a href=\"https:\/\/twitter.com\/museominerario\" target=\"_blank\" rel=\"noopener noreferrer\">@museominerario<\/a><\/li>\n<li><b>Youtube<\/b>: <a href=\"https:\/\/www.youtube.com\/@Parcomuseominerarioabbadia\" target=\"_blank\" rel=\"noopener noreferrer\">@Parcomuseominerario<wbr \/>abbadia<\/a><\/li>\n<li><b>Trip Advisor<\/b>: <a href=\"https:\/\/www.tripadvisor.it\/Attraction_Review-g194660-d4742042-Reviews-Parco_Museo_Minerario-Abbadia_San_Salvatore_Tuscany.html\" target=\"_blank\" rel=\"noopener noreferrer\">Parco Museo Minerario<\/a><\/li>\n<\/ul>\n<\/div>[\/vc_column][vc_column width=&#8221;1\/2&#8243;]\n<div class=\"wpcf7 no-js\" id=\"wpcf7-f8-o1\" lang=\"it-IT\" dir=\"ltr\" data-wpcf7-id=\"8\">\n<div class=\"screen-reader-response\"><p role=\"status\" aria-live=\"polite\" aria-atomic=\"true\"><\/p> <ul><\/ul><\/div>\n<form action=\"\/2018\/wp-json\/wp\/v2\/pages\/64#wpcf7-f8-o1\" method=\"post\" class=\"wpcf7-form init\" aria-label=\"Modulo di contatto\" novalidate=\"novalidate\" data-status=\"init\">\n<fieldset class=\"hidden-fields-container\"><input type=\"hidden\" name=\"_wpcf7\" value=\"8\" \/><input type=\"hidden\" name=\"_wpcf7_version\" value=\"6.1.5\" \/><input type=\"hidden\" name=\"_wpcf7_locale\" value=\"it_IT\" \/><input type=\"hidden\" name=\"_wpcf7_unit_tag\" value=\"wpcf7-f8-o1\" \/><input type=\"hidden\" name=\"_wpcf7_container_post\" value=\"0\" \/><input type=\"hidden\" name=\"_wpcf7_posted_data_hash\" value=\"\" \/><input type=\"hidden\" name=\"_wpcf7_recaptcha_response\" value=\"\" \/>\n<\/fieldset>\n<p><label> Il tuo nome (richiesto)<br \/>\n<span class=\"wpcf7-form-control-wrap\" data-name=\"your-name\"><input size=\"40\" maxlength=\"400\" class=\"wpcf7-form-control wpcf7-text wpcf7-validates-as-required\" aria-required=\"true\" aria-invalid=\"false\" value=\"\" type=\"text\" name=\"your-name\" \/><\/span> <\/label>\n<\/p>\n<p><label> La tua email (richiesto)<br \/>\n<span class=\"wpcf7-form-control-wrap\" data-name=\"your-email\"><input size=\"40\" maxlength=\"400\" class=\"wpcf7-form-control wpcf7-email wpcf7-validates-as-required wpcf7-text wpcf7-validates-as-email\" aria-required=\"true\" aria-invalid=\"false\" value=\"\" type=\"email\" name=\"your-email\" \/><\/span> <\/label>\n<\/p>\n<p><label> Oggetto<br \/>\n<span class=\"wpcf7-form-control-wrap\" data-name=\"your-subject\"><input size=\"40\" maxlength=\"400\" class=\"wpcf7-form-control wpcf7-text wpcf7-validates-as-required\" aria-required=\"true\" aria-invalid=\"false\" value=\"\" type=\"text\" name=\"your-subject\" \/><\/span> <\/label>\n<\/p>\n<p><label> Il tuo messaggio<br \/>\n<span class=\"wpcf7-form-control-wrap\" data-name=\"your-message\"><textarea cols=\"40\" rows=\"10\" maxlength=\"2000\" class=\"wpcf7-form-control wpcf7-textarea wpcf7-validates-as-required\" aria-required=\"true\" aria-invalid=\"false\" name=\"your-message\"><\/textarea><\/span> <\/label>\n<\/p>\n<p><label> <span style=\"font-size:11px\">Acconsento al trattamento dei dati come indicato nella <a href=\"https:\/\/www.museominerario.it\/2018\/privacy-policy\/\">Privacy Policy<\/a><\/span> <span class=\"wpcf7-form-control-wrap\" data-name=\"acceptance-369\"><span class=\"wpcf7-form-control wpcf7-acceptance\"><span class=\"wpcf7-list-item\"><input type=\"checkbox\" name=\"acceptance-369\" value=\"1\" aria-invalid=\"false\" \/><\/span><\/span><\/span><\/label>\n<\/p>\n<p><input class=\"wpcf7-form-control wpcf7-submit has-spinner\" type=\"submit\" value=\"Invia\" \/>\n<\/p><p style=\"display: none !important;\" class=\"akismet-fields-container\" data-prefix=\"_wpcf7_ak_\"><label>&#916;<textarea name=\"_wpcf7_ak_hp_textarea\" cols=\"45\" rows=\"8\" maxlength=\"100\"><\/textarea><\/label><input type=\"hidden\" id=\"ak_js_1\" name=\"_wpcf7_ak_js\" value=\"15\"\/><script>\ndocument.getElementById( \"ak_js_1\" ).setAttribute( \"value\", ( new Date() ).getTime() );\n<\/script>\n<\/p><div class=\"wpcf7-response-output\" aria-hidden=\"true\"><\/div>\n<\/form>\n<\/div>\n[\/vc_column][\/vc_row][vc_row][vc_column][vc_empty_space][vc_column_text css=&#8221;&#8221;]<\/p>\n<p style=\"font-size: 11px; color: #999999; line-height: 16px;\">Questo sito utilizza i cookie per fornire la migliore esperienza di navigazione possibile. Continuando a utilizzare questo sito senza modificare le impostazioni dei cookie o cliccando su \u201cAccetta\u201d permetti il loro utilizzo. Il 25 maggio 2018 \u00e8 diventato definitivamente applicabile il nuovo Regolamento UE 2016\/679 sul trattamento dei dati personali, noto come GDPR. Il \u201cParco Museo delle miniere di Abbadia San Salvatore\u201d conferma tra gli obiettivi di primaria importanza, la protezione dei Vostri dati. Desideriamo informare che: il Vostro contatto non sar\u00e0 diffuso a terze parti e i Vostri dati saranno trattati secondo la normativa vigente. Il trattamento dei vostri dati avr\u00e0 luogo con modalit\u00e0 automatizzate ed informatiche. I vostri dati saranno comunicati solo ai responsabili del trattamento incaricati della gestione del servizio in oggetto. I Vostri dati non saranno trasferiti a terzi. Il Titolare del trattamento conserva e tratta i dati personali per il tempo strettamente necessario ad adempiere alle finalit\u00e0 indicate. Ai sensi del citato Regolamento, il Titolare del Trattamehttp:\/\/www.museominerario.it\/2018\/privacy-policy\/nto informa che gli interessati hanno il diritto di richiedere l\u2019accesso, la rettifica o la cancellazione dei dati trattati o la limitazione del loro trattamento. Il Titolare del Trattamento \u00e8 \u201cConsorzio Terre di Toscana\u201d con sede legale in Piazzale Rossaro 2 &#8211; 53021 Abbadia S. Salvatore (SI) P.IVA 00938620523 . <a href=\"https:\/\/www.museominerario.it\/2018\/privacy-policy\/\">Privacy Policy<\/a><\/p>\n<p>[\/vc_column_text][\/vc_column][\/vc_row]<\/p>\n<\/div>","protected":false},"excerpt":{"rendered":"<p>[vc_row full_width=&#8221;stretch_row&#8221; bg_type=&#8221;bg_color&#8221; seperator_enable=&#8221;seperator_enable_value&#8221; seperator_type=&#8221;tilt_left_seperator&#8221; seperator_position=&#8221;bottom_seperator&#8221; seperator_shape_background=&#8221;#912224&#8243; bg_color_value=&#8221;#ffffff&#8221; css=&#8221;.vc_custom_1545060940845{padding-bottom: 30px !important;}&#8221;][vc_column][\/vc_column][\/vc_row][vc_row full_width=&#8221;stretch_row&#8221; bg_type=&#8221;bg_color&#8221; seperator_enable=&#8221;seperator_enable_value&#8221; seperator_type=&#8221;tilt_left_seperator&#8221; seperator_shape_background=&#8221;#912224&#8243; bg_color_value=&#8221;#ffffff&#8221;][vc_column][vc_empty_space][\/vc_column][\/vc_row][vc_row][vc_column width=&#8221;1\/2&#8243;][vc_single_image image=&#8221;14&#8243; img_size=&#8221;full&#8221; alignment=&#8221;center&#8221;][\/vc_column][vc_column width=&#8221;1\/2&#8243;][\/vc_column][\/vc_row][vc_row][vc_column][vc_empty_space][vc_column_text css=&#8221;&#8221;] Questo sito utilizza i cookie per fornire la migliore esperienza di navigazione possibile. Continuando a utilizzare questo sito senza modificare le impostazioni dei cookie o cliccando su \u201cAccetta\u201d permetti il loro utilizzo.&hellip;<\/p>\n","protected":false},"author":1,"featured_media":0,"parent":0,"menu_order":0,"comment_status":"closed","ping_status":"closed","template":"","meta":{"footnotes":""},"class_list":["post-64","page","type-page","status-publish","hentry","description-off"],"_links":{"self":[{"href":"https:\/\/www.museominerario.it\/2018\/wp-json\/wp\/v2\/pages\/64","targetHints":{"allow":["GET"]}}],"collection":[{"href":"https:\/\/www.museominerario.it\/2018\/wp-json\/wp\/v2\/pages"}],"about":[{"href":"https:\/\/www.museominerario.it\/2018\/wp-json\/wp\/v2\/types\/page"}],"author":[{"embeddable":true,"href":"https:\/\/www.museominerario.it\/2018\/wp-json\/wp\/v2\/users\/1"}],"replies":[{"embeddable":true,"href":"https:\/\/www.museominerario.it\/2018\/wp-json\/wp\/v2\/comments?post=64"}],"version-history":[{"count":21,"href":"https:\/\/www.museominerario.it\/2018\/wp-json\/wp\/v2\/pages\/64\/revisions"}],"predecessor-version":[{"id":2747,"href":"https:\/\/www.museominerario.it\/2018\/wp-json\/wp\/v2\/pages\/64\/revisions\/2747"}],"wp:attachment":[{"href":"https:\/\/www.museominerario.it\/2018\/wp-json\/wp\/v2\/media?parent=64"}],"curies":[{"name":"wp","href":"https:\/\/api.w.org\/{rel}","templated":true}]}}