{"id":570,"date":"2019-08-29T18:35:18","date_gmt":"2019-08-29T16:35:18","guid":{"rendered":"http:\/\/www.museominerario.it\/2018\/?page_id=570"},"modified":"2025-01-06T11:28:58","modified_gmt":"2025-01-06T10:28:58","slug":"f-a-q","status":"publish","type":"page","link":"https:\/\/www.museominerario.it\/2018\/f-a-q\/","title":{"rendered":"F.A.Q."},"content":{"rendered":"<div class=\"wpb-content-wrapper\"><p>[vc_row full_width=&#8221;stretch_row&#8221; bg_type=&#8221;bg_color&#8221; seperator_enable=&#8221;seperator_enable_value&#8221; seperator_type=&#8221;tilt_left_seperator&#8221; seperator_position=&#8221;bottom_seperator&#8221; seperator_shape_background=&#8221;#912224&#8243; bg_color_value=&#8221;#ffffff&#8221; css=&#8221;.vc_custom_1545060940845{padding-bottom: 30px !important;}&#8221;][vc_column]<div id=\"ultimate-heading-73236a07a376e6157\" class=\"uvc-heading ult-adjust-bottom-margin ultimate-heading-73236a07a376e6157 uvc-4617 \" data-hspacer=\"no_spacer\"  data-halign=\"left\" style=\"text-align:left\"><div class=\"uvc-heading-spacer no_spacer\" style=\"top\"><\/div><div class=\"uvc-main-heading ult-responsive\"  data-ultimate-target='.uvc-heading.ultimate-heading-73236a07a376e6157 div'  data-responsive-json-new='{\"font-size\":\"desktop:40px;\",\"line-height\":\"desktop:45px;\"}' ><div style=\"font-family:&#039;Montserrat&#039;;font-weight:200;color:#000000;margin-bottom:0px;\">F.A.Q.<\/div><\/div><\/div>[\/vc_column][\/vc_row][vc_row full_width=&#8221;stretch_row&#8221; bg_type=&#8221;bg_color&#8221; seperator_enable=&#8221;seperator_enable_value&#8221; seperator_type=&#8221;tilt_left_seperator&#8221; seperator_shape_background=&#8221;#912224&#8243; bg_color_value=&#8221;#ffffff&#8221;][vc_column][vc_empty_space][\/vc_column][\/vc_row][vc_row][vc_column width=&#8221;1\/4&#8243;]<div id=\"ultimate-heading-50246a07a376e61c0\" class=\"uvc-heading ult-adjust-bottom-margin ultimate-heading-50246a07a376e61c0 uvc-3179 \" data-hspacer=\"no_spacer\"  data-halign=\"right\" style=\"text-align:right\"><div class=\"uvc-heading-spacer no_spacer\" style=\"top\"><\/div><div class=\"uvc-main-heading ult-responsive\"  data-ultimate-target='.uvc-heading.ultimate-heading-50246a07a376e61c0 div'  data-responsive-json-new='{\"font-size\":\"desktop:40px;\",\"line-height\":\"desktop:45px;\"}' ><div style=\"font-family:&#039;Montserrat&#039;;font-weight:700;color:#000000;margin-bottom:0px;\">RISPOSTE A DOMANDE<\/div><\/div><div class=\"uvc-sub-heading ult-responsive\"  data-ultimate-target='.uvc-heading.ultimate-heading-50246a07a376e61c0 .uvc-sub-heading '  data-responsive-json-new='{\"font-size\":\"desktop:40px;\",\"line-height\":\"desktop:45px;\"}'  style=\"font-family:&#039;Montserrat&#039;;font-weight:200;color:#000000;margin-top:0px;margin-bottom:30px;\">FREQUENTI (F.A.Q.)<\/div><\/div>[\/vc_column][vc_column width=&#8221;2\/3&#8243;][vc_column_text css=&#8221;&#8221;]<\/p>\n<ol start=\"1\">\n<li><strong>Quando \u00e8 aperto il Parco Museo?<\/strong><\/li>\n<\/ol>\n<p>E\u2019 SEMPRE APERTO TUTTI I FINE SETTIMANA E DURANTE TUTTI I GIORNI DI FESTAL\u2019orario generale di apertura \u00e8 il seguente:<br \/>\nORARIO A &#8211; Apertura dalle 9:30 alle 12:30 e poi dalle 15:30 alle 18:30<br \/>\nORARIO B &#8211; Apertura continuata 9:30 &#8211; 18:30<br \/>\nORARIO C &#8211; Apertura continuata 9:30 &#8211; 19:30<br \/>\nGennaio &#8211; Prima Settimana tutti i giorni ORARIO A; poi Weekend e Festivi ORARIO A<br \/>\nFebbraio &#8211; Weekend e Festivi: ORARIO A<br \/>\nMarzo &#8211; Fino al 15 solo Weekend e Festivi ORARIO A, poi tutti i giorni ORARIO A<br \/>\nAprile &#8211; Tutti i giorni ORARIO A (Possibilit\u00e0 di prolungamento dell\u2019orario di apertura anche nella pausa pranzo)<br \/>\nMaggio &#8211; Tutti i giorni ORARIO B<br \/>\nGiugno &#8211; Tutti i giorni ORARIO A<br \/>\nLuglio &#8211; Tutti i giorni ORARIO A<br \/>\nAgosto &#8211; Tutti i giorni ORARIO C<br \/>\nSettembre &#8211; Fino al 15 tutti i giorni ORARIO A, poi solo Weekend e Festivi ORARIO A<br \/>\nOttobre &#8211; Feriali ORARIO A, festivi e prefestivi ORARIO B<br \/>\nNovembre &#8211; Weekend e festivi: ORARIO B<br \/>\nDicembre &#8211; Weekend e festivi: ORARIO A; dal 23 al 31 dicembre tutti i giorni ORARIO A<\/p>\n<ol start=\"2\">\n<li><strong>Cosa comprende il biglietto di ingresso?<\/strong><\/li>\n<\/ol>\n<p><strong>Il biglietto di ingresso base include <\/strong>la visita libera al <strong>Museo multimediale\u00a0<\/strong><strong>\u201cI luoghi del Mercurio\u201d, <\/strong>la visita guidata alla\u00a0<strong>Galleria livello VII a bordo del locomotore dei minatori, <\/strong>la visita guidata\u00a0al<strong> Museo minerario (Torre dell\u2019Orologio)<\/strong><\/p>\n<ol start=\"3\">\n<li><strong>Quanto costa il biglietto?<\/strong><\/li>\n<\/ol>\n<p><strong>Il biglietto che include il percorso <\/strong>base costa: \u00a0\u00a0Intero \u20ac 12,00 a persona, \u00a0ridotto \u20ac 10,00 a persona. Con un supplemento di \u20ac 5,00 biglietto intero e di \u20ac 3,00 biglietto ridotto \u00e8 possibile fare i percorsi minerari (condizioni meteo permettendo)<\/p>\n<p>Tutte le altre attivit\u00e0 e laboratori sono consultabili sul nostro sito <a href=\"http:\/\/www.museominerario.it\/\">www.museominerario.it<\/a><\/p>\n<p><strong>Riduzioni<\/strong><\/p>\n<p>Bambini da 6 a 18, \u00a0studenti universitari, diversamente abili, docenti, Over 65, Gruppi superiori a 10 persone paganti, giornalisti,<\/p>\n<p><strong>Omaggio<\/strong><\/p>\n<p>bambini da 0 a 5 anni (accompagnati dai genitori e ad esclusione di visite didattiche), giornalisti accreditati.<\/p>\n<ol start=\"4\">\n<li><strong>Sono previste delle gratuita\u2019 per i gruppi? <\/strong><\/li>\n<\/ol>\n<p>Docenti\u00a0che accompagnano le scolaresche (una gratuit\u00e0 ogni 10 paganti), capigruppo\/accompagnatori\u00a0delle comitive (una gratuit\u00e0 ogni 25 paganti).\u00a0Gli sconti non sono cumulabili. I biglietti venduti non sono n\u00e9 rimborsabili n\u00e9 sostituibili.<\/p>\n<ol start=\"5\">\n<li><strong>Quali sono i percorsi visitabili con il supplemento?<\/strong><\/li>\n<\/ol>\n<p><strong>Sono tre percorsi, all\u2019interno dello stabilimento minerario<\/strong>: \u201c<strong>Il Percorso del minatore\u201d, \u201cIl percorso del Direttore\u201d, \u201c Il Percorso Mercurio.<\/strong>(In questo caso la visita guidata dei percorsi viene fatta condizioni meteo permettendo)<\/p>\n<ol start=\"6\">\n<li><strong>Quanto dura la visita al Museo?<\/strong><\/li>\n<\/ol>\n<p>La visita del percorso base dura circa 2 ore. Mentre la durata dei percorsi Minerari in abbinamento dura circa 40 minuti con un lunghezza per ogni percorso di 1 km. Tutti i percorsi sono consultabili sul nostro sito <a href=\"http:\/\/www.museominerario.it\/\">www.museominerario.it<\/a><\/p>\n<ol start=\"7\">\n<li><strong>E\u2019 sempre garantita la visita sul locomotore?<\/strong><\/li>\n<\/ol>\n<p><strong>Si, ma e\u2019 consigliata la prenotazione, <\/strong>che pu\u00f2 essere fatta telefonicamente al numero 0577.778.324 oppure scrivendo una e-mail a <a href=\"mailto:info@terreditoscana.net\">info@terreditoscana.net<\/a> o tramite whatsApp al 351.594.9387 ( previa risposta di accettazione della prenotazine per entrambi i canali digitali di comunicazione). \u00a0Per le visite in <u>giornata \u00e8 vivamente consigliata la prenotazione telefonica<\/u>, \u00a0che consentir\u00e0 di scegliere l\u2019orario di partenza della visita guidata. Per i gruppi \u00e8 necessario riempire il modulo, \u00a0che verr\u00e0 inviato tramite e-mail al momento della conferma<\/p>\n<ol start=\"8\">\n<li><strong>Dove si pu\u00f2 acquistare il biglietto?<\/strong><\/li>\n<\/ol>\n<p><strong>Il biglietto pu\u00f2 essere <u>acquistato<\/u>\u00a0<\/strong>presso la biglietteria del Parco Museo<strong><em><u>\u00a0oppure on line<\/u>\u00a0<\/em><\/strong>al seguente link (<a href=\"https:\/\/www.bookingamiata.com\/store\/museo-minerario)\">https:\/\/www.bookingamiata.com\/store\/museo-minerario)<\/a><\/p>\n<ol start=\"9\">\n<li><strong>Quali sono i metodi di pagamento?<\/strong><\/li>\n<\/ol>\n<p><strong>Si accetta pagamento <\/strong>in contanti, bancomat o carta di credito. Per i gruppi il pagamento andr\u00e0 effettuato almeno 3 giorni prima dell\u2019arrivo (a mezzo bonifico bancario IBAN IT07H0103071750000001251034)<\/p>\n<ol start=\"10\">\n<li><strong>In quali orari \u00e8 possibile visitare il museo?<\/strong><\/li>\n<\/ol>\n<p><strong>Il Parco Museo Minerario \u00e8 sempre visitabile negli orari di apertura previsti.<\/strong><\/p>\n<p>Gli orari di partenza delle visite guidate sono:<\/p>\n<p>alle ore 10.00 \/ 10.40 \/ 16.00 \/ 16.40<\/p>\n<p>Nei mesi di Agosto, Ottobre, ponti e Festivit\u00e0:<\/p>\n<p>ore 9.30\/10.10\/10.50\/11.30\/12.10\/14.00\/14.40\/15.20\/16.00\/16.40\/17.30\/18.10<\/p>\n<ol start=\"11\">\n<li><strong>Dove si trova la biglietteria?<\/strong><\/li>\n<\/ol>\n<p>La biglietteria del Parco Museo si trova in Via Suor Gemma n. 1 ad Abbadia San Salvatore (all\u2019interno dell\u2019area mineraria)<\/p>\n<ol start=\"12\">\n<li><strong>Come si raggiunge il museo?<\/strong><\/li>\n<\/ol>\n<p>In macchina, oppure a piedi (per coloro che si trovano ad Abbadia San Salvatore), dista 500 metri dal centro del paese.<\/p>\n<p><strong>Per coloro che vengono a piedi:<\/strong>\u00a0(percorrendo Via F. Hamman, in direzione Vetta Amiata, superata la Chiesa della Madonna del Castagno, troverete il primo accesso all\u2019area mineraria , superato l\u2019ingresso coperto della ex portineria, proseguendo per circa 100 metri nel vialetto pedonale, che costeggia l\u2019area verde alberata, sulla vostra destra al primo incrocio, proseguire per una breve salita. \u00a0Sulla sinistra troverete il cancello di ingresso \u00a0e la Biglietteria del museo alla fine del porticato).<\/p>\n<p><strong>Per coloro che vengono in macchina:<\/strong>\u00a0(percorrendo Via F. Hamman, in direzione Vetta Amiata, non entrare nel primo accesso dell\u2019ingresso coperto, ma \u00a0percorrere la strada costeggiata dai 2 muri paralleli per circa 200 metri. Dopo il pannello luminoso a destra, troverete il grande Parcheggio, e proprio di fronte si trova il cancello di ingresso alla Biglietteria)<\/p>\n<ol start=\"13\">\n<li><strong>Cosa di intende per Galleria Liv VII ? Si scende molto sotto terra?<\/strong><\/li>\n<\/ol>\n<p>La Galleria Livello VII si trova 7 mt. sotto terra \u00e8 l\u2019accesso si trova in tutta sicurezza al piano -1 del Museo Minerario con una comoda e spaziosa entrata a piedi illuminata di luce propria; una volta entrati in Galleria lungo il percorso si trovano uscite di sicurezza, dalle quali uscendo ci si trova a cielo aperto<\/p>\n<ol start=\"14\">\n<li><strong>La visita \u00e8 adatta per tutti?<\/strong><\/li>\n<\/ol>\n<p>Soltanto la visita nella Galleria livello VII, \u00e8 sconsigliata alle persone che soffrono di claustrofobia, ai bambini piccoli che hanno paura del buio, alle persone con problemi di autosufficienza (I casi vanno segnalati e valutati al momento)<\/p>\n<ol start=\"15\">\n<li><strong>Si pu\u00f2 visitare quando piove?<\/strong><\/li>\n<\/ol>\n<p>Si, ad eccezione dei percorsi esterni<\/p>\n<ol start=\"16\">\n<li><strong>Organizzate attivit\u00e0 e laboratori per bambini?<\/strong><\/li>\n<\/ol>\n<p>Si sono previste attivit\u00e0 per le scuole con una scheda apposta per le domande pi\u00f9 frequenti, per le famiglie e Campus per bambini, le date sono consultabili sul nostro sito <a href=\"http:\/\/www.museominerario.it\/\">www.museominerario.it<\/a><\/p>\n<ol start=\"17\">\n<li><strong>Quanto costano i laboratori?<\/strong><\/li>\n<\/ol>\n<p>A partire da 5 euro; tutti i prezzi sono consultabili sul nostro sito <a href=\"http:\/\/www.museominerario.it\/\">www.museominerario.it<\/a>. Per le scolaresche \u00e8 previsto un apposito catalogo in grado di dettagliare al meglio i laboratori in modo da organizzare l\u2019intera giornata.<\/p>\n<ol start=\"18\">\n<li><strong>I disabili con carrozzina possono visitare il Museo?<\/strong><\/li>\n<\/ol>\n<p>Possono visitare il Museo Multimediale \u201cI luoghi del Mercurio\u201d\u00a0 ed il Museo Minerario \u201cTorre dell\u2019Orologio\u201d<\/p>\n<ol start=\"19\">\n<li><strong>Il Parco Museo ha un Parcheggio?<\/strong><\/li>\n<\/ol>\n<p>E\u2019 possibile parcheggiare, sia con i pullman che con le auto, in un grande parcheggio libero ubicato di fronte all\u2019ingresso della biglietteria del Parco Museo<\/p>\n<ol start=\"20\">\n<li><strong>Qual \u00e8 l\u2019abbigliamento consigliato?<\/strong><\/li>\n<\/ol>\n<p>Durante la visita nella\u00a0 Galleria Livello VII sono consigliate scarpe chiuse e comode, inoltre un giacchetto pesante nelle mezze stagioni e durante l\u2019inverno. In estate \u00e8 sempre consigliata una felpa.<\/p>\n<ol start=\"21\">\n<li><strong>Esiste uno spazio dove cambiare i bambini?<\/strong><\/li>\n<\/ol>\n<p>E\u2019 disponibile <strong>un fasciatoio ed una toilette family-friendly <\/strong>al livello -1 del Museo Multimediale. Sempre al livello -1 \u00e8 a disposizione un\u2019area relax,\u00a0 dove i bambini possono passare del tempo durante l\u2019attesa, consultare libri, fare disegni e colorare<\/p>\n<ol start=\"22\">\n<li><strong>Sono presenti distributori di bevande caldi o freddi e snack?<\/strong><\/li>\n<\/ol>\n<p>Nel Museo Multimediale al piano 0 \u00e8 presente un\u2019<strong>area relax <\/strong>con divanetti, <strong>distributori di bevande e snack\u00a0<\/strong>uno spazio consultazione pubblicazioni vendibili presso il book shop del Museo. L\u2019area relax si trova in prossimit\u00e0 del Museo Multimediale nel rispetto del pubblico \u00e8 richiesto il massimo silenzio non \u00e8 possibile consumare pranzi al sacco o comunque sostare in modo permanente a scopo di pausa pranzo.<\/p>\n<ol start=\"23\">\n<li><strong>Si possono scattare foto e fare video?<\/strong><\/li>\n<\/ol>\n<p>All\u2019interno del museo <strong>sono ammesse solo foto e riprese amatoriali<\/strong>. Per foto e riprese professionali \u00e8 necessario richiedere l\u2019autorizzazione alla Direzione scientifica del Museo (mandando una richiesta a parcomuseo@comune.abbadia.siena.it)<\/p>\n<ol start=\"24\">\n<li><strong>E\u2019 disponibile la rete Wi-Fi?<\/strong><\/li>\n<\/ol>\n<p>Si pu\u00f2 usufruire della wi-fi all\u2019interno del Museo Multimediale<\/p>\n<ol start=\"25\">\n<li><strong>C\u2019\u00e8 un negozio dove acquistare gadget e pubblicazioni?<\/strong><\/li>\n<\/ol>\n<p>All\u2019uscita della biglietteria del museo si trova \u00a0il <strong>Museum Shop<\/strong>, con pubblicazioni, gadget, cartoline, minerali<\/p>\n<ol start=\"26\">\n<li><strong>Ci sono regole per l\u2019ingresso?<\/strong><\/li>\n<\/ol>\n<p>Negli spazi espositivi del Museo Multimediale e Galleria Liv VII non \u00e8 indicato accedere con zaini, valigie\/trolley e borse voluminose. Possono essere introdotti solo marsupi e zaini di piccole dimensioni, \u00e8 vietato fumare in tutti i locali di pertinenza del museo, usare il cellulare e consumare cibi e bevande, introdurre qualunque oggetto che per le sue caratteristiche possa rappresentare un rischio per la sicurezza delle persone, dell\u2019edificio, delle strutture.<\/p>\n<ol start=\"27\">\n<li><strong>Sono ammessi i cani?<\/strong><\/li>\n<\/ol>\n<p>All\u2019interno delle esposizioni museali<strong>possono entrare i cani con la museruola e al guinzaglio<\/strong>, mentre nella Galleria livello VII valgono le stesse regole, fatta eccezione,\u00a0 qualora nel gruppo siano presenti persone con problemi di allergia o altro[\/vc_column_text][\/vc_column][\/vc_row]<\/p>\n<\/div>","protected":false},"excerpt":{"rendered":"<p>[vc_row full_width=&#8221;stretch_row&#8221; bg_type=&#8221;bg_color&#8221; seperator_enable=&#8221;seperator_enable_value&#8221; seperator_type=&#8221;tilt_left_seperator&#8221; seperator_position=&#8221;bottom_seperator&#8221; seperator_shape_background=&#8221;#912224&#8243; bg_color_value=&#8221;#ffffff&#8221; css=&#8221;.vc_custom_1545060940845{padding-bottom: 30px !important;}&#8221;][vc_column][\/vc_column][\/vc_row][vc_row full_width=&#8221;stretch_row&#8221; bg_type=&#8221;bg_color&#8221; seperator_enable=&#8221;seperator_enable_value&#8221; seperator_type=&#8221;tilt_left_seperator&#8221; seperator_shape_background=&#8221;#912224&#8243; bg_color_value=&#8221;#ffffff&#8221;][vc_column][vc_empty_space][\/vc_column][\/vc_row][vc_row][vc_column width=&#8221;1\/4&#8243;][\/vc_column][vc_column width=&#8221;2\/3&#8243;][vc_column_text css=&#8221;&#8221;] Quando \u00e8 aperto il Parco Museo? E\u2019 SEMPRE APERTO TUTTI I FINE SETTIMANA E DURANTE TUTTI I GIORNI DI FESTAL\u2019orario generale di apertura \u00e8 il seguente: ORARIO A &#8211; Apertura dalle 9:30 alle 12:30 e&hellip;<\/p>\n","protected":false},"author":1,"featured_media":0,"parent":0,"menu_order":0,"comment_status":"closed","ping_status":"closed","template":"","meta":{"footnotes":""},"class_list":["post-570","page","type-page","status-publish","hentry","description-off"],"_links":{"self":[{"href":"https:\/\/www.museominerario.it\/2018\/wp-json\/wp\/v2\/pages\/570","targetHints":{"allow":["GET"]}}],"collection":[{"href":"https:\/\/www.museominerario.it\/2018\/wp-json\/wp\/v2\/pages"}],"about":[{"href":"https:\/\/www.museominerario.it\/2018\/wp-json\/wp\/v2\/types\/page"}],"author":[{"embeddable":true,"href":"https:\/\/www.museominerario.it\/2018\/wp-json\/wp\/v2\/users\/1"}],"replies":[{"embeddable":true,"href":"https:\/\/www.museominerario.it\/2018\/wp-json\/wp\/v2\/comments?post=570"}],"version-history":[{"count":12,"href":"https:\/\/www.museominerario.it\/2018\/wp-json\/wp\/v2\/pages\/570\/revisions"}],"predecessor-version":[{"id":2728,"href":"https:\/\/www.museominerario.it\/2018\/wp-json\/wp\/v2\/pages\/570\/revisions\/2728"}],"wp:attachment":[{"href":"https:\/\/www.museominerario.it\/2018\/wp-json\/wp\/v2\/media?parent=570"}],"curies":[{"name":"wp","href":"https:\/\/api.w.org\/{rel}","templated":true}]}}